nd 228934470?
10
Calculate the highest common divisor of 17883 and 382131.
9
Calculate the greatest common divisor of 259 and 26352214.
259
What is the highest common divisor of 88106438 and 14?
14
Calculate the highest common divisor of 554724 and 180.
36
What is the highest common divisor of 1105560 and 2048616?
2664
Calculate the greatest common factor of 1479 and 202942.
29
What is the greatest common divisor of 467 and 103673533?
467
What is the highest common factor of 150377390 and 20?
10
Calculate the greatest common factor of 4463 and 196849541.
4463
Calculate the highest common divisor of 96 and 488122212.
12
What is the highest common factor of 221707795 and 64830?
10805
Calculate the greatest common divisor of 3132 and 246258.
18
Calculate the highest common factor of 10017 and 1425627.
189
What is the highest common factor of 28601310 and 51?
51
Calculate the highest common factor of 13128848 and 114.
38
Calculate the highest common divisor of 99760 and 2449920.
2320
What is the highest common factor of 1624 and 15506184?
232
Calculate the greatest common divisor of 20 and 30885170.
10
Calculate the highest common factor of 53664 and 132784.
688
Calculate the greatest common factor of 945455 and 315.
35
What is the highest common factor of 2106984 and 130472?
2776
Calculate the greatest common divisor of 94426 and 87383648.
3046
Calculate the highest common factor of 4656 and 14014992.
48
Calculate the highest common divisor of 15504 and 1308150.
1938
Calculate the highest common divisor of 2070045 and 2826.
1413
What is the greatest common factor of 23 and 2183269?
1
What is the highest common factor of 5451 and 1075986?
69
Calculate the highest common divisor of 2886 and 1820598.
78
Calculate the highest common factor of 23117667 and 35829.
3981
Calculate the greatest common factor of 10076244 and 91156.
7012
What is the highest common factor of 14942360 and 4?
4
Calculate the greatest common divisor of 21839014 and 2658.
886
Calculate the greatest common factor of 2768 and 2368944.
16
What is the highest common divisor of 56417 and 28?
1
Calculate the greatest common divisor of 1015 and 50342173.
203
Calculate the greatest common divisor of 178 and 160337950.
178
What is the highest common divisor of 170496 and 86784?
768
What is the highest common divisor of 2960265768 and 24?
24
Calculate the greatest common factor of 640 and 79232.
128
Calculate the greatest common divisor of 44735 and 123459653.
8947
Calculate the highest common factor of 86632920 and 4500.
180
What is the highest common divisor of 1010 and 69670?
10
Calculate the greatest common divisor of 331596 and 4379.
151
What is the highest common divisor of 27956250 and 876708?
8946
Calculate the highest common divisor of 48641 and 30257.
383
Calculate the greatest common factor of 2 and 945331.
1
Calculate the highest common factor of 66579835 and 5180.
1295
What is the greatest common factor of 109256 and 113288?
56
Calculate the greatest common divisor of 253376 and 776.
8
Calculate the greatest common factor of 9639 and 162867.
3
Calculate the highest common divisor of 25977159 and 1014.
507
What is the greatest common factor of 32 and 212670176?
32
Calculate the greatest common factor of 49511 and 3663.
11
What is the greatest common factor of 645 and 257769735?
645
Calculate the highest common factor of 140688 and 927.
9
Calculate the greatest common divisor of 84781 and 776588.
149
Calculate the highest common factor of 57743683 and 799.
47
What is the greatest common factor of 374849808 and 15804?
5268
Calculate the highest common factor of 2 and 14335883.
1
What is the greatest common factor of 48 and 21311504?
16
What is the highest common divisor of 730 and 1531092875?
365
What is the highest common divisor of 23327161 and 429?
143
Calculate the highest common divisor of 580358 and 64972.
878
Calculate the greatest common divisor of 2215478 and 52432.
226
Calculate the greatest common factor of 3640 and 5125624.
56
What is the highest common divisor of 13 and 771128?
1
Calculate the highest common factor of 895 and 6983685.
895
What is the greatest common divisor of 160 and 4563010?
10
Calculate the highest common factor of 35353104 and 149646.
3054
What is the highest common factor of 564 and 3654579?
141
Calculate the greatest common divisor of 88786 and 438677.
103
What is the highest common divisor of 1434 and 28838?
2
What is the greatest common factor of 564339 and 811350?
1803
What is the greatest common divisor of 19069977 and 2280?
57
What is the highest common divisor of 462 and 84185376?
66
Calculate the highest common divisor of 3728075 and 409175.
325
Calculate the greatest common factor of 4212 and 8741148.
156
Calculate the greatest common divisor of 254592 and 24876.
36
What is the highest common factor of 19 and 9012161?
1
Calculate the highest common divisor of 13726416 and 924.
132
Calculate the highest common divisor of 25011080 and 904.
8
What is the greatest common divisor of 23424976 and 40?
8
What is the greatest common divisor of 2179042 and 86609?
337
What is the greatest common divisor of 27905118 and 1518?
138
Calculate the greatest common factor of 1834 and 30854299.
917
Calculate the highest common divisor of 69 and 194031979.
23
What is the highest common divisor of 2138085 and 45?
45
What is the greatest common divisor of 858112 and 4609?
419
What is the highest common divisor of 8157 and 1254962607?
8157
Calculate the greatest common factor of 5187407 and 24678.
457
What is the greatest common factor of 22672253 and 31?
31
What is the highest common factor of 6204 and 18665768?
2068
What is the highest common divisor of 609 and 2770593?
21
What is the highest common factor of 542521 and 113456147?
11543
What is the greatest common divisor of 11452061 and 215?
43
Calculate the greatest common divisor of 271133 and 1207.
17
What is the highest common factor of 413988 and 4968?
12
Calculate the highest common factor of 34083965 and 4040.
505
Calculate the greatest common factor of 1119 and 829384896.
1119
What is the highest common factor of 96 and 4260648?
24
What is the greatest common factor of 10864 and 164997?
679
Calculate the highest common divisor of 260156 and 8476.
52
Calculate the greatest common divisor of 43736 and 1127896.
616
What is the highest common divisor of 256790382 and 9?
3
Calculate the highest common factor of 89165 and 29665.
85
What is the greatest common factor of 296206 and 116?
58
What is the greatest common factor of 132369380 and 39?
13
What is the highest common factor of 885197 and 3123?
347
What is the highest common factor of 149367786 and 1410?
282
Calculate the highest common factor of 472 and 147208.
8
Calculate the greatest common divisor of 35689 and 117658.
89
What is the highest common divisor of 253335735 and 1044?
261
Calculate the highest common factor of 26639747 and 4343.
43
What is the greatest common divisor of 76015 and 3390930?
3305
Calculate the highest common factor of 5296 and 53675291.
331
What is the greatest common factor of 2439937 and 314?
157
Calculate the highest common factor of 281952 and 109954872.
6408
Calculate the highest common divisor of 123141550 and 222.
74
Calculate the highest common factor of 38 and 127572441.
19
What is the highest common factor of 22653 and 13824?
27
What is the highest common divisor of 58 and 156304606?
58
Calculate the highest common divisor of 217 and 854504.
7
Calculate the greatest common factor of 3589612 and 416.
52
Calculate the highest common factor of 2390 and 25860.
10
Calculate the highest common divisor of 23621960 and 88020.
3260
What is the greatest common divisor of 74724 and 2862025?
479
Calculate the highest common divisor of 50 and 135878075.
25
What is the highest common divisor of 42640950 and 258?
258
Calculate the highest common factor of 52209072 and 2736.
144
What is the highest common factor of 395 and 803351?
79
Calculate the greatest common divisor of 621 and 2522479.
23
What is the greatest common factor of 2503358 and 104?
26
What is the greatest common factor of 6692 and 4687268?
956
What is the highest common factor of 815 and 1250536?
163
What is the greatest common divisor of 1752512 and 7880?
